3. Determine n(49).
980
Let i(w) = -w**2 + 39*w - 397. What is i(20)?
-17
Let s(b) = -532*b**3 + 2662*b**2 - b - 30. Calculate s(5).
15
Let g(p) = -33871*p - 203148. What is g(-6)?
78
Let z(w) = -352*w**2 - 6314*w + 376. Determine z(-18).
-20
Let i(j) = -11*j**2 + 2576*j + 29659. Calculate i(-11).
-8
Let u(f) = 4313*f - 19689. Calculate u(4).
-2437
Let b(l) = -8*l**3 - 20*l**2 + 213*l + 6. Give b(8).
-3666
Let y(z) = -10*z**2 + 43*z - 35. Determine y(4).
-23
Let g(v) = -24401*v - 268403. Determine g(-11).
8
Let d(s) = 17797*s - 444941. Determine d(25).
-16
Let h(z) = 4*z**3 - z**2 - 20*z + 47. Give h(3).
86
Let r(n) = 23*n**2 - 78*n + 89. Determine r(4).
145
Let c(j) = -8*j**2 - 292*j - 2622. Determine c(-21).
-18
Let y(g) = 6*g**3 + 32*g**2 + 125*g + 132. Calculate y(-2).
-38
Let d(c) = 4335*c + 710985. Determine d(-164).
45
Let b(l) = -2*l**2 + 27*l + 189. Give b(-12).
-423
Let i(o) = -o**3 + 197*o**2 + 6048*o + 259. Determine i(224).
259
Let k(f) = -f**3 - 20*f**2 - 370*f - 6154. What is k(-19)?
515
Let o(a) = -a**2 + 3075*a - 222087. Calculate o(74).
-13
Let t(d) = 1235*d - 209957. Determine t(170).
-7
Let z(k) = 7*k**2 + 4784*k - 33499. Determine z(7).
332
Let w(z) = -z**3 + 8*z**2 - 10*z - 74. Calculate w(5).
-49
Let a(w) = -2*w**2 + 1834*w - 415543. What is a(508)?
1
Let w(s) = -6*s**2 + 31881*s - 127561. Determine w(4).
-133
Let c(w) = 19*w**2 - 193*w - 2395. Give c(-15).
4775
Let h(i) = -2*i**3 - 58*i**2 - 384*i + 231. Give h(-18).
15
Let d(g) = 17976*g**2 - 107869*g + 86. Calculate d(6).
8
Let z(q) = -45*q**2 + 3*q + 88. Determine z(-4).
-644
Let p(f) = 27637*f - 8539817. Determine p(309).
16
Let k(d) = -2*d**3 - 335*d**2 + 1199*d + 339. Determine k(-171).
-3
Let w(x) = 288990*x + 288987. Give w(-1).
-3
Let u(g) = 22*g**2 + 656*g - 19279. What is u(-48)?
-79
Let t(r) = -6*r**2 + 2118*r - 137747. Determine t(86).
25
Let g(c) = 78*c**2 - 590*c - 39. Give g(9).
969
Let g(o) = o**3 + 89*o**2 - 235*o + 4145. Give g(-92).
373
Let o(c) = 3841*c + 11188. What is o(-3)?
-335
Let d(u) = 10*u**3 + 3*u**2 - 83*u + 480. Give d(5).
1390
Let k(u) = 4*u**3 + 4812*u**2 + 85329*u + 167. What is k(-18)?
5
Let f(x) = 2*x**3 - 147*x**2 + 1662*x + 48. What is f(14)?
-8
Let d(g) = 2*g**3 + 272*g**2 + 540*g + 449. Calculate d(-134).
-87
Let n(b) = 527*b + 8836. Calculate n(-17).
-123
Let g(w) = -2890*w + 4718. What is g(4)?
-6842
Let b(d) = 1252924*d - 7517529. Calculate b(6).
15
Let l(r) = 3*r**2 + 82*r - 218. Determine l(5).
267
Let t(d) = -d**3 + 240*d**2 + 1053*d - 18490. Give t(244).
298
Let s(w) = w**3 + 145*w**2 - 478*w - 5013. Give s(-148).
19
Let c(b) = 94*b**2 - 998*b + 84. Determine c(8).
-1884
Let k(i) = 1254*i**2 + 2512*i - 17. What is k(-2)?
-25
Let w(h) = -1895423*h + 17058802. Determine w(9).
-5
Let a(t) = -2657*t - 18608. What is a(-7)?
-9
Let g(q) = 532*q + 64803. Calculate g(-122).
-101
Let w(i) = 7062*i - 232979. What is w(33)?
67
Let p(z) = z**3 - 44*z**2 + 394*z - 1133. Calculate p(32).
-813
Let w(b) = -6885*b - 185894. Calculate w(-27).
1
Let d(t) = -t**2 + 86*t + 21880. What is d(-111)?
13
Let c(u) = -15*u**3 - 59*u**2 - 294*u - 1192. Determine c(-4).
0
Let d(o) = -109*o**2 - 110*o - 332. Give d(-3).
-983
Let g(d) = 9*d**3 + 932*d**2 + 563*d + 4893. What is g(-103)?
-51
Let j(z) = z**3 + 100*z**2 + 39*z + 3922. What is j(-100)?
22
Let i(z) = -40*z**2 + 76*z - 125. Determine i(0).
-125
Let t(j) = j**3 - 35*j**2 - 452*j + 89. Give t(45).
-1
Let z(n) = -104*n + 4019. Determine z(39).
-37
Let u(j) = -j**2 - 265*j + 255451. Determine u(390).
1
Let p(m) = -1047*m - 29880. What is p(-28)?
-564
Let d(i) = i**2 - 397*i - 25801. Give d(-57).
77
Let j(i) = -102*i**2 + 214*i - 216. Give j(1).
-104
Let g(q) = -14*q**2 + 2091*q - 34668. Give g(19).
7
Let v(f) = f**3 + 13*f**2 - 163*f - 152. Determine v(-22).
-922
Let z(h) = 99*h + 783. Give z(-11).
-306
Let k(b) = -2*b**2 - 457*b - 9379. Give k(-23).
74
Let v(a) = a**2 - 11923*a - 167116. Give v(-14).
2
Let h(y) = 2*y**2 + 152*y + 1514. Give h(-12).
-22
Let d(g) = -7*g**3 + 597*g**2 + 398*g + 2754. Calculate d(86).
2
Let f(z) = z**3 + 181*z**2 - 779*z - 7217. What is f(-185)?
-2
Let d(z) = -z**3 - z**2 + 19*z + 14. Determine d(-6).
80
Let z(d) = 28*d**2 - 2689*d + 83. Determine z(96).
-13
Let w(p) = p**3 - 566*p**2 - 7672*p + 83960. What is w(579)?
5
Let l(f) = -5048*f + 6253. Give l(1).
1205
Let r(n) = 8*n**2 + 72*n - 6724. Give r(25).
76
Let j(k) = -2*k**3 - 951*k**2 - 10217*k + 25. Calculate j(-11).
3
Let k(w) = -1258*w + 19755. Give k(16).
-373
Let c(r) = -5303*r - 1575012. Calculate c(-297).
-21
Let u(y) = 182*y**2 - 22390*y + 572. Determine u(123).
80
Let c(f) = 316*f - 24653. Calculate c(78).
-5
Let y(a) = -a**3 + 396*a**2 + 1012*a - 86099. What is y(398)?
-131
Let t(k) = k**3 + 14*k**2 - 586*k - 6519. Give t(-11).
290
Let n(w) = -946*w - 89887. What is n(-95)?
-17
Let o(q) = q**3 + 39*q**2 + 83*q + 407. What is o(-37)?
74
Let n(d) = -29*d**2 + 7678*d + 30678. What is n(-4)?
-498
Let w(g) = 28*g**3 + 9*g**2 - 1159*g + 1149. Determine w(1).
27
Let r(j) = -3575*j - 32486. Give r(-9).
-311
Let i(q) = -2*q**2 + 333*q - 6814. What is i(131)?
2487
Let i(t) = 4*t**2 - 5594*t + 11184. Give i(2).
12
Let p(w) = 5*w**3 + 108*w**2 - 1180*w + 47. Calculate p(-29).
3150
Let u(k) = 437*k + 3309. Give u(-7).
250
Let h(i) = 1227*i + 74507. Give h(-66).
-6475
Let l(w) = -2350*w + 28559. Give l(12).
359
Let q(s) = 5*s**2 - 1634*s + 9239. Determine q(321).
-70
Let u(l) = -3979*l - 258358. Give u(-65).
277
Let r(d) = -d**2 + 34215*d - 17156356. Determine r(509).
-2
Let u(z) = z**3 + 182*z**2 - 506*z - 25354. Calculate u(-184).
38
Let m(h) = -h**2 - 197*h - 9339. Calculate m(-81).
57
Let q(n) = -11*n**3 - 15*n**2 + 10*n - 3. What is q(-4)?
421
Let c(d) = -251*d - 5108. Calculate c(-23).
665
Let h(p) = -53*p**2 + 98*p - 160. What is h(2)?
-176
Let y(a) = a**2 - 42*a - 4585. Determine y(-50).
15
Let m(r) = 2*r**3 + 408*r**2 - 824*r + 181. Calculate m(-206).
181
Let i(z) = -362*z - 1798. What is i(-13)?
2908
Let g(x) = -6*x**3 + 420*x**2 + 476*x - 3540. Determine g(71).
10
Let c(h) = -2*h**2 - 450*h - 16211. What is c(-180)?
-11
Let u(y) = y**3 - 27*y**2 - 20*y - 572. What is u(27)?
-1112
Let u(j) = -6*j**3 + 2387*j**2 + 7623*j - 1617. What is u(401)?
-13
Let y(t) = t**3 + 16*t**2 - 611*t - 2634. What is y(-4)?
2
Let a(t) = -19*t**2 - 2085*t - 12423. Determine a(-6).
-597
Let w(x) = -3*x**3 - 934*x**2 - 3122*x - 12948. Calculate w(-308).
-12
Let i(r) = -3*r**2 + 47929*r - 1482917. What is i(31)?
-1
Let x(g) = 5421*g - 59720. Determine x(11).
-89
Let o(h) = -2*h**3 + 111*h**2 + 171*h - 51. Determine o(57).
-51
Let h(r) = 74*r + 30186. Give h(-408).
-6
Let b(g) = 74*g - 207. Give b(-1).
-281
Let i(y) = -2*y**3 - 1863*y**2 + 2820*y + 19580. Calculate i(-933).
-13
Let t(g) = 591*g - 1881. What is t(0)?
-1881
Let j(f) = 18984*f - 58865. Determine j(3).
-1913
Let c(x) = -1914*x + 63333. Calculate c(33).
171
Let i(o) = 2*o**3 - 1691*o**2 - 7701*o + 43311. What is i(850)?
-39
Let i(l) = -11*l**2 + 350*l + 1906. Give i(37).
-203
Let n(v) = -v**2 - 117*v - 2162. Give n(-90).
268
Let w(r) = -r**3 - 4*r**2 + 229*r - 1143. What is w(6)?
-129
Let j(b) = 7*b**2 - 183*b - 109. What is j(27)?
53
Let f(p) = 90*p**2 + 19*p + 46. Give f(-3).
799
Let y(f) = -3*f**2 - 9234*f + 251511. What is y(27)?
6
Let r(i) = 2651*i**2 + 34098*i - 4745. Determine r(-13).
0
Let a(m) = -497*m**2 + 6474*m + 27. Determine a(13).
196
Let d(m) = 177*m**2 - 1164*m - 311. Determine d(7).
214
Let c(m) = 2458*m - 36819. Determine c(15).
51
Let q(r) = -2*r**3 - 12*r**2 - 295*r - 2975. Calculate q(-10).
775
Let m(x) = x**3 + 71*x**2 - 891*x - 63289. Give m(-71).
-28
Let c(i) = 2*i**2 - 400312*i - 3602961. Calculate c(-9).
9
Let d(i) = -21652*i - 3009634. Calculate d(-139).
-6
Let q(p) = p**3 + 92*p**2 - 243*p + 3922. Determine q(-95).
-68
Let b(d) = 2*d**3 - 51*d**2 + 59*d - 809. Give b(25).
41
Let o(i) = 4711*i - 32973. Give o(7).
4
Let u(g) = -936*g + 169324. Determine u(181).
-92
Let y(s) = 90*s**2 - 244*s + 9. Calculate y(-3).
1551
Let m(u) = -9*u**3 - 57*u**2 + 117*u - 59. Determine m(-8).
-35
Let g(o) = -3*o**2 + 1368*o - 121697. Determine g(121).
-92
Let u(p) = -p**2 + 752*p - 125483. What is u(250)?
17
Let z(r) = r**3 - 4132*r**2 + 49430*r. Give z(1